{"id":189,"date":"2023-07-23T16:23:47","date_gmt":"2023-07-23T14:23:47","guid":{"rendered":"http:\/\/www.abcpcuisinepro.com\/?page_id=189"},"modified":"2023-12-21T16:25:47","modified_gmt":"2023-12-21T15:25:47","slug":"presentation","status":"publish","type":"page","link":"https:\/\/www.abcpcuisinepro.com\/index.php\/presentation\/","title":{"rendered":"Pr\u00e9sentation"},"content":{"rendered":"<p>[et_pb_section fb_built=&#8221;1&#8243; custom_padding_last_edited=&#8221;on|phone&#8221; admin_label=&#8221;Header&#8221; _builder_version=&#8221;4.21.0&#8243; use_background_color_gradient=&#8221;on&#8221; background_color_gradient_stops=&#8221;rgba(0,0,0,0.5) 0%|rgba(0,0,0,0.5) 100%&#8221; background_color_gradient_overlays_image=&#8221;on&#8221; background_color_gradient_start=&#8221;rgba(0,0,0,0.5)&#8221; background_color_gradient_end=&#8221;rgba(0,0,0,0.5)&#8221; background_image=&#8221;https:\/\/www.abcpcuisinepro.com\/wp-content\/uploads\/2023\/07\/IMG_3576-scaled.jpg&#8221; custom_margin=&#8221;||-138px|||&#8221; custom_padding=&#8221;141px||1px||false|false&#8221; custom_padding_tablet=&#8221;||220px||false|false&#8221; custom_padding_phone=&#8221;||200px||false|false&#8221; locked=&#8221;off&#8221; global_colors_info=&#8221;{}&#8221;][et_pb_row _builder_version=&#8221;4.21.0&#8243; global_colors_info=&#8221;{}&#8221;][et_pb_column type=&#8221;4_4&#8243; _builder_version=&#8221;4.16&#8243; global_colors_info=&#8221;{}&#8221;][et_pb_text _builder_version=&#8221;4.23.1&#8243; header_font=&#8221;Kanit|500|||||||&#8221; header_font_size=&#8221;4vw&#8221; header_line_height=&#8221;1.1em&#8221; background_layout=&#8221;dark&#8221; hover_enabled=&#8221;0&#8243; header_font_size_tablet=&#8221;42px&#8221; header_font_size_phone=&#8221;30px&#8221; header_font_size_last_edited=&#8221;on|phone&#8221; global_colors_info=&#8221;{}&#8221; animation_style=&#8221;slide&#8221; sticky_enabled=&#8221;0&#8243;]<\/p>\n<h1>Qui sommes-nous ?<\/h1>\n<p>[\/et_pb_text][\/et_pb_column][\/et_pb_row][\/et_pb_section][et_pb_section fb_built=&#8221;1&#8243; admin_label=&#8221;Overview&#8221; _builder_version=&#8221;4.16&#8243; custom_margin=&#8221;144px|||||&#8221; custom_padding=&#8221;0px|||||&#8221; locked=&#8221;off&#8221; global_colors_info=&#8221;{}&#8221;][\/et_pb_section][et_pb_section fb_built=&#8221;1&#8243; admin_label=&#8221;Details&#8221; _builder_version=&#8221;4.21.0&#8243; custom_padding=&#8221;||0px|||&#8221; global_colors_info=&#8221;{}&#8221;][et_pb_row column_structure=&#8221;1_2,1_2&#8243; make_equal=&#8221;on&#8221; disabled_on=&#8221;on|off|off&#8221; _builder_version=&#8221;4.22.2&#8243; background_color=&#8221;RGBA(255,255,255,0)&#8221; custom_margin=&#8221;-239px|auto||auto|false|false&#8221; custom_padding=&#8221;0px||0px||true|false&#8221; global_colors_info=&#8221;{}&#8221;][et_pb_column type=&#8221;1_2&#8243; _builder_version=&#8221;4.21.0&#8243; background_color=&#8221;RGBA(255,255,255,0)&#8221; custom_padding=&#8221;50px||50px|50px|true|false&#8221; custom_padding_tablet=&#8221;40px|30px|40px|30px|true|true&#8221; custom_padding_phone=&#8221;|30px||30px|false|false&#8221; custom_padding_last_edited=&#8221;on|tablet&#8221; global_colors_info=&#8221;{}&#8221;][et_pb_text _builder_version=&#8221;4.21.0&#8243; header_2_font=&#8221;Kanit|700|||||||&#8221; header_2_text_color=&#8221;#000000&#8243; header_2_font_size=&#8221;42px&#8221; header_2_line_height=&#8221;1.1em&#8221; custom_margin=&#8221;-1px||8px|||&#8221; custom_padding=&#8221;||0px|||&#8221; hover_enabled=&#8221;0&#8243; header_2_font_size_tablet=&#8221;32px&#8221; header_2_font_size_phone=&#8221;22px&#8221; header_2_font_size_last_edited=&#8221;on|phone&#8221; locked=&#8221;off&#8221; global_colors_info=&#8221;{}&#8221; sticky_enabled=&#8221;0&#8243;]<\/p>\n<h2>La soci\u00e9t\u00e9 ABCP-ABS<\/h2>\n<p>[\/et_pb_text][et_pb_text _builder_version=&#8221;4.21.0&#8243; text_font=&#8221;||||||||&#8221; text_text_color=&#8221;#283033&#8243; text_line_height=&#8221;1.5em&#8221; global_colors_info=&#8221;{}&#8221;]<\/p>\n<p style=\"text-align: justify;\">est <strong>sp\u00e9cialis\u00e9e dans le domaine de l\u2019entretien et du d\u00e9pannage des \u00e9quipements de productions pr\u00e9sents dans la restauration hors domicile (collective et commerciale)<\/strong>.<\/p>\n<p style=\"text-align: justify;\">Fond\u00e9e en 2009, elle d\u00e9veloppe en partenariat avec ces clients une relation p\u00e9renne bas\u00e9e sur la confiance et l\u2019expertise technique.<\/p>\n<p style=\"text-align: justify;\">Parce que la maintenance est plus qu\u2019une simple activit\u00e9, ABCP-ABS met tout en \u0153uvre pour apporter la meilleure prestation.<\/p>\n<p style=\"text-align: justify;\">Soci\u00e9t\u00e9 encr\u00e9e dans le bassin Nantais, elle offre ces services dans les d\u00e9partements 44 (Loire Atlantique) et 49 (Maine-et-Loire).<\/p>\n<p>[\/et_pb_text][\/et_pb_column][et_pb_column type=&#8221;1_2&#8243; _builder_version=&#8221;4.21.0&#8243; background_color=&#8221;#056AA7&#8243; custom_padding=&#8221;40px|20px|40px|20px|true|true&#8221; global_colors_info=&#8221;{}&#8221;][et_pb_blurb title=&#8221;NOTRE M\u00c9TIER&#8221; use_icon=&#8221;on&#8221; font_icon=&#8221;&#xe106;||divi||400&#8243; icon_color=&#8221;#FFFFFF&#8221; image_icon_background_color=&#8221;RGBA(255,255,255,0)&#8221; image_icon_width=&#8221;59px&#8221; _builder_version=&#8221;4.23.1&#8243; header_font=&#8221;|800|||||||&#8221; header_text_align=&#8221;center&#8221; header_text_color=&#8221;#FFFFFF&#8221; body_font=&#8221;||||||||&#8221; body_text_align=&#8221;center&#8221; body_text_color=&#8221;#FFFFFF&#8221; body_font_size=&#8221;12px&#8221; body_line_height=&#8221;1.5em&#8221; position_origin_a=&#8221;top_center&#8221; vertical_offset=&#8221;50px&#8221; custom_margin=&#8221;17px||||false|false&#8221; animation=&#8221;off&#8221; hover_enabled=&#8221;0&#8243; global_colors_info=&#8221;{}&#8221; animation_style=&#8221;fold&#8221; sticky_enabled=&#8221;0&#8243;]<\/p>\n<p><span style=\"font-size: large;\"><b>VOUS GARANTIR LE MEILLEUR<br \/>SERVICE APR\u00c8S-VENTE<br \/><\/b><\/span><\/p>\n<p><span style=\"font-size: large;\"><b>ET<\/b><\/span><\/p>\n<p><span style=\"font-size: large;\"><b>GARANTIR A NOS CLIENTS LA MEILLEURE DISPONIBILITE DES EQUIPEMENTS DE GRANDE CUISINE ET BLANCHISSERIE<\/b> <\/span><\/p>\n<p>[\/et_pb_blurb][\/et_pb_column][\/et_pb_row][et_pb_row column_structure=&#8221;1_2,1_2&#8243; make_equal=&#8221;on&#8221; disabled_on=&#8221;off|on|on&#8221; _builder_version=&#8221;4.22.2&#8243; background_color=&#8221;RGBA(255,255,255,0)&#8221; min_height=&#8221;1032.2px&#8221; custom_margin=&#8221;2px|auto||auto|false|false&#8221; custom_padding=&#8221;0px||0px||true|false&#8221; global_colors_info=&#8221;{}&#8221;][et_pb_column type=&#8221;1_2&#8243; _builder_version=&#8221;4.21.0&#8243; background_color=&#8221;RGBA(255,255,255,0)&#8221; custom_padding=&#8221;50px||50px|50px|true|false&#8221; custom_padding_tablet=&#8221;40px|30px|40px|30px|true|true&#8221; custom_padding_phone=&#8221;|30px||30px|false|false&#8221; custom_padding_last_edited=&#8221;on|tablet&#8221; global_colors_info=&#8221;{}&#8221;][et_pb_text _builder_version=&#8221;4.21.0&#8243; header_2_font=&#8221;Kanit|700|||||||&#8221; header_2_text_color=&#8221;#000000&#8243; header_2_font_size=&#8221;42px&#8221; header_2_line_height=&#8221;1.1em&#8221; custom_margin=&#8221;-37px||8px|||&#8221; custom_padding=&#8221;||0px|||&#8221; header_2_font_size_tablet=&#8221;32px&#8221; header_2_font_size_phone=&#8221;22px&#8221; header_2_font_size_last_edited=&#8221;on|phone&#8221; locked=&#8221;off&#8221; global_colors_info=&#8221;{}&#8221;]<\/p>\n<h2>La soci\u00e9t\u00e9 ABCP-ABS<\/h2>\n<p>[\/et_pb_text][et_pb_text _builder_version=&#8221;4.21.0&#8243; text_font=&#8221;||||||||&#8221; text_text_color=&#8221;#283033&#8243; text_line_height=&#8221;1.5em&#8221; global_colors_info=&#8221;{}&#8221;]<\/p>\n<p style=\"text-align: justify;\">est <strong>sp\u00e9cialis\u00e9e dans le domaine de l\u2019entretien et du d\u00e9pannage des \u00e9quipements de productions pr\u00e9sents dans la restauration hors domicile (collective et commerciale)<\/strong>.<\/p>\n<p style=\"text-align: justify;\">Fond\u00e9e en 2009, elle d\u00e9veloppe en partenariat avec ces clients une relation p\u00e9renne bas\u00e9e sur la confiance et l\u2019expertise technique.<\/p>\n<p style=\"text-align: justify;\">Parce que la maintenance est plus qu\u2019une simple activit\u00e9, ABCP-ABS met tout en \u0153uvre pour apporter la meilleure prestation.<\/p>\n<p style=\"text-align: justify;\">Soci\u00e9t\u00e9 encr\u00e9e dans le bassin Nantais, elle offre ces services dans les d\u00e9partements 44 (Loire Atlantique) et 49 (Maine-et-Loire).<\/p>\n<p>[\/et_pb_text][\/et_pb_column][et_pb_column type=&#8221;1_2&#8243; _builder_version=&#8221;4.21.0&#8243; background_color=&#8221;#056AA7&#8243; custom_padding=&#8221;40px|20px|40px|20px|true|true&#8221; global_colors_info=&#8221;{}&#8221;][et_pb_blurb title=&#8221;NOTRE M\u00c9TIER&#8221; use_icon=&#8221;on&#8221; font_icon=&#8221;&#xe106;||divi||400&#8243; icon_color=&#8221;#FFFFFF&#8221; image_icon_background_color=&#8221;RGBA(255,255,255,0)&#8221; image_icon_width=&#8221;59px&#8221; _builder_version=&#8221;4.21.0&#8243; header_font=&#8221;|800|||||||&#8221; header_text_align=&#8221;center&#8221; header_text_color=&#8221;#FFFFFF&#8221; body_font=&#8221;||||||||&#8221; body_text_align=&#8221;center&#8221; body_text_color=&#8221;#FFFFFF&#8221; body_font_size=&#8221;12px&#8221; body_line_height=&#8221;1.5em&#8221; position_origin_a=&#8221;top_center&#8221; vertical_offset=&#8221;50px&#8221; custom_margin=&#8221;-24px||-16px||false|false&#8221; animation=&#8221;off&#8221; global_colors_info=&#8221;{}&#8221;]<\/p>\n<p><span style=\"font-size: large;\"><b>VOUS GARANTIR LE MEILLEUR<br \/>SERVICE APR\u00c8S-VENTE<br \/><\/b><\/span><\/p>\n<p><span style=\"font-size: large;\"><b>ET<\/b><\/span><\/p>\n<p><span style=\"font-size: large;\"><b>GARANTIR A NOS CLIENTS LA MEILLEURE DISPONIBILITE DES EQUIPEMENTS DE GRANDE CUISINE ET BLANCHISSERIE<\/b> <\/span><\/p>\n<p>[\/et_pb_blurb][\/et_pb_column][\/et_pb_row][et_pb_row column_structure=&#8221;1_2,1_2&#8243; _builder_version=&#8221;4.16&#8243; width=&#8221;79.8%&#8221; locked=&#8221;off&#8221; global_colors_info=&#8221;{}&#8221;][et_pb_column type=&#8221;1_2&#8243; _builder_version=&#8221;4.16&#8243; global_colors_info=&#8221;{}&#8221;][et_pb_image src=&#8221;https:\/\/www.abcpcuisinepro.com\/wp-content\/uploads\/2023\/01\/renovation-51-1.png&#8221; title_text=&#8221;shutterstock_415181509&#8243; _builder_version=&#8221;4.23.1&#8243; background_image=&#8221;https:\/\/www.abcpcuisinepro.com\/wp-content\/uploads\/2023\/10\/shutterstock_415181509.png&#8221; custom_margin=&#8221;||||false|false&#8221; custom_padding=&#8221;350px||||false|false&#8221; hover_enabled=&#8221;0&#8243; global_colors_info=&#8221;{}&#8221; animation_style=&#8221;fold&#8221; sticky_enabled=&#8221;0&#8243;][\/et_pb_image][\/et_pb_column][et_pb_column type=&#8221;1_2&#8243; _builder_version=&#8221;4.16&#8243; global_colors_info=&#8221;{}&#8221;][et_pb_text _builder_version=&#8221;4.22.2&#8243; _module_preset=&#8221;default&#8221; text_text_color=&#8221;#283033&#8243; text_line_height=&#8221;1.4em&#8221; locked=&#8221;off&#8221; global_colors_info=&#8221;{}&#8221;]<\/p>\n<p class=\"p1\">ABCP est un acteur ind\u00e9pendant sur son march\u00e9 s\u2019appuyant sur de nombreuses grandes marques (Ex : Electrolux Professionnel, leader mondial de la fabrication d\u2019\u00e9quipements de cuisine professionnelle, dont nous sommes Partenaire, Danube, MKN, Meiko, Rational Production, BOREOLE&#8230;) et adh\u00e9rant du groupement d\u2019achat <a href=\"https:\/\/www.gafic1965.com\">Gafic<\/a> (R\u00e9seau de 140 installateurs\/distributeurs r\u00e9partis sur tout le territoire Fran\u00e7ais et les DOM- TOM r\u00e9alisant 150 M d\u2019euros de CA).<\/p>\n<p>[\/et_pb_text][et_pb_text _builder_version=&#8221;4.21.0&#8243; _module_preset=&#8221;default&#8221; text_text_color=&#8221;#283033&#8243; text_line_height=&#8221;1.4em&#8221; custom_margin=&#8221;20px|||||&#8221; global_colors_info=&#8221;{}&#8221;]<\/p>\n<ul>\n<li class=\"p1\"><em>Une flotte de 10 v\u00e9hicules d\u2019intervention<\/em> enti\u00e8rement \u00e9quip\u00e9s des outillages sp\u00e9cifiques (soudure inox, pi\u00e8ces d\u00e9taches de premi\u00e8re urgence).<\/li>\n<li class=\"p1\">2 camions hayon 30m3 pour les livraisons<\/li>\n<li class=\"p1\"><em>Nos techniciens sont \u00e9quip\u00e9s de tablettes connect\u00e9e<\/em>s afin d\u2019acc\u00e9l\u00e9rer le traitement depuis le diagnostic jusqu\u2019\u00e0 la r\u00e9paration.<\/li>\n<li class=\"p1\"><em>Notre si\u00e8ge social est \u00e9tabli depuis 8 ans sur un espace de 500m2<\/em> dont 350 m2 d\u2019espace technique et de stockage (pi\u00e8ces d\u00e9tach\u00e9es).<\/li>\n<li class=\"p1\"><em>L\u2019entreprise investi r\u00e9guli\u00e8rement dans du mat\u00e9riel performant<\/em> et dans le renouvellement de sa flotte de v\u00e9hicules.<\/li>\n<li class=\"p1\"><em>Nos techniciens sont form\u00e9s r\u00e9guli\u00e8rement aupr\u00e8s de nos fabricants<\/em> pour mettre \u00e0 jour leurs connaissances techniques et conna\u00eetre les derni\u00e8res \u00e9volutions techniques et technologiques<\/li>\n<\/ul>\n<p>[\/et_pb_text][\/et_pb_column][\/et_pb_row][\/et_pb_section][et_pb_section fb_built=&#8221;1&#8243; custom_padding_last_edited=&#8221;on|phone&#8221; admin_label=&#8221;Footer&#8221; _builder_version=&#8221;4.16&#8243; background_color=&#8221;#2a2A2A&#8221; custom_padding=&#8221;35px||35px||true|false&#8221; custom_padding_tablet=&#8221;40px||40px||true|false&#8221; custom_padding_phone=&#8221;20px||20px||true|false&#8221; saved_tabs=&#8221;all&#8221; locked=&#8221;off&#8221; global_colors_info=&#8221;{}&#8221;][et_pb_row column_structure=&#8221;1_3,1_3,1_3&#8243; _builder_version=&#8221;4.16&#8243; global_colors_info=&#8221;{}&#8221;][et_pb_column type=&#8221;1_3&#8243; _builder_version=&#8221;4.16&#8243; global_colors_info=&#8221;{}&#8221;][et_pb_image src=&#8221;https:\/\/www.abcpcuisinepro.com\/wp-content\/uploads\/2023\/06\/Fichier-1-1.png&#8221; title_text=&#8221;Fichier 1&#8243; _builder_version=&#8221;4.21.0&#8243; max_height=&#8221;64px&#8221; global_colors_info=&#8221;{}&#8221;][\/et_pb_image][et_pb_text _builder_version=&#8221;4.21.0&#8243; header_3_font=&#8221;Roboto|700|||||||&#8221; header_3_text_color=&#8221;#FFFFFF&#8221; header_3_font_size=&#8221;14px&#8221; header_3_line_height=&#8221;1.6em&#8221; header_4_font=&#8221;Roboto|700|||||||&#8221; header_4_font_size=&#8221;26px&#8221; header_4_line_height=&#8221;1.6em&#8221; header_5_font_size=&#8221;19px&#8221; background_layout=&#8221;dark&#8221; max_width=&#8221;600px&#8221; custom_padding=&#8221;1px|||||&#8221; header_4_font_size_tablet=&#8221;22px&#8221; header_4_font_size_phone=&#8221;18px&#8221; header_4_font_size_last_edited=&#8221;on|phone&#8221; locked=&#8221;off&#8221; global_colors_info=&#8221;{}&#8221;]<\/p>\n<h3>Mat\u00e9riel de cuisine et blanchisserie professionnels<\/h3>\n<p>&nbsp;<\/p>\n<h3><\/h3>\n<p>[\/et_pb_text][\/et_pb_column][et_pb_column type=&#8221;1_3&#8243; _builder_version=&#8221;4.16&#8243; global_colors_info=&#8221;{}&#8221;][et_pb_text _builder_version=&#8221;4.16&#8243; text_font=&#8221;Roboto||||||||&#8221; link_text_color=&#8221;#ffffff&#8221; link_line_height=&#8221;2em&#8221; header_3_font=&#8221;|700|||||||&#8221; header_3_text_color=&#8221;rgba(255,255,255,0.3)&#8221; header_3_font_size=&#8221;18px&#8221; header_3_line_height=&#8221;1.6em&#8221; background_layout=&#8221;dark&#8221; max_width=&#8221;600px&#8221; locked=&#8221;off&#8221; global_colors_info=&#8221;{}&#8221;]<\/p>\n<h5><strong>ZA le petit bois 44522 M\u00e9sanger<br \/><\/strong>02.40.96.16.20<br \/><a href=\"mailto:nantes@abcpcuisinepro.com\">nantes@abcpcuisinepro.com<\/a><\/h5>\n<p>RCS Nantes 514288869<\/p>\n<h3><\/h3>\n<p>[\/et_pb_text][\/et_pb_column][et_pb_column type=&#8221;1_3&#8243; _builder_version=&#8221;4.16&#8243; global_colors_info=&#8221;{}&#8221;][et_pb_social_media_follow _builder_version=&#8221;4.21.0&#8243; _module_preset=&#8221;default&#8221; global_colors_info=&#8221;{}&#8221;][et_pb_social_media_follow_network social_network=&#8221;linkedin&#8221; url=&#8221;https:\/\/www.linkedin.com\/in\/abcpcuisinepro\/&#8221; _builder_version=&#8221;4.21.0&#8243; _module_preset=&#8221;default&#8221; background_color=&#8221;#007bb6&#8243; global_colors_info=&#8221;{}&#8221; follow_button=&#8221;off&#8221; url_new_window=&#8221;on&#8221;]linkedin[\/et_pb_social_media_follow_network][\/et_pb_social_media_follow][\/et_pb_column][\/et_pb_row][\/et_pb_section]<\/p>\n","protected":false},"excerpt":{"rendered":"<p>Qui sommes-nous ?La soci\u00e9t\u00e9 ABCP-ABSest sp\u00e9cialis\u00e9e dans le domaine de l\u2019entretien et du d\u00e9pannage des \u00e9quipements de productions pr\u00e9sents dans la restauration hors domicile (collective et commerciale). Fond\u00e9e en 2009, elle d\u00e9veloppe en partenariat avec ces clients une relation p\u00e9renne bas\u00e9e sur la confiance et l\u2019expertise technique. Parce que la maintenance est plus qu\u2019une simple [&hellip;]<\/p>\n","protected":false},"author":1,"featured_media":0,"parent":0,"menu_order":0,"comment_status":"closed","ping_status":"closed","template":"","meta":{"_et_pb_use_builder":"on","_et_pb_old_content":"","_et_gb_content_width":"","footnotes":""},"class_list":["post-189","page","type-page","status-publish","hentry"],"_links":{"self":[{"href":"https:\/\/www.abcpcuisinepro.com\/index.php\/wp-json\/wp\/v2\/pages\/189","targetHints":{"allow":["GET"]}}],"collection":[{"href":"https:\/\/www.abcpcuisinepro.com\/index.php\/wp-json\/wp\/v2\/pages"}],"about":[{"href":"https:\/\/www.abcpcuisinepro.com\/index.php\/wp-json\/wp\/v2\/types\/page"}],"author":[{"embeddable":true,"href":"https:\/\/www.abcpcuisinepro.com\/index.php\/wp-json\/wp\/v2\/users\/1"}],"replies":[{"embeddable":true,"href":"https:\/\/www.abcpcuisinepro.com\/index.php\/wp-json\/wp\/v2\/comments?post=189"}],"version-history":[{"count":5,"href":"https:\/\/www.abcpcuisinepro.com\/index.php\/wp-json\/wp\/v2\/pages\/189\/revisions"}],"predecessor-version":[{"id":285,"href":"https:\/\/www.abcpcuisinepro.com\/index.php\/wp-json\/wp\/v2\/pages\/189\/revisions\/285"}],"wp:attachment":[{"href":"https:\/\/www.abcpcuisinepro.com\/index.php\/wp-json\/wp\/v2\/media?parent=189"}],"curies":[{"name":"wp","href":"https:\/\/api.w.org\/{rel}","templated":true}]}}